ppose -5*h = -3*h - 8. Suppose -2*s = -2*c - s + 9, 0 = -h*c - 2*s + 14. What are the prime factors of c?
2
Let l = -6 - -2. Let u = l + 6. Let y = u - -3. What are the prime factors of y?
5
Let d(v) be the first derivative of -v**4/4 + 3*v**3 - 9*v**2/2 + 12*v - 2. Let p be d(8). Suppose -9 = -3*n, -2*n = p*x - 6*n. What are the prime factors of x?
3
Let k = 1 + 2. Suppose 0 = -i - k*i + 12, -5*d + 25 = 5*i. What are the prime factors of (-117)/6*d/(-3)?
13
Suppose 4*t = 21 + 7. Let m(u) = -u**3 + 8*u**2 - 3*u + 3. Let l be m(t). Suppose -6*h + h = -4*r - l, -4*h + 33 = 5*r. What are the prime factors of h?
7
Suppose -2*x = -x - 26. Suppose -9 - 9 = -3*a. Suppose -3*u = a, -16 = -4*z + u + x. List the prime factors of z.
2, 5
Suppose -5*j = -5*k + 10, 0 = -j + 2*j + 4*k - 23. What are the prime factors of j?
3
Suppose 2 + 2 = 2*h. Suppose -5*z = -h*z - 9. List the prime factors of z + (0 - 0) + 5.
2
Suppose -h + 30 = -4*y + 6, -3*y = h + 18. Let f be (-26)/y - (-4)/6. Suppose -f = -2*r - 1. What are the prime factors of r?
2
Let r = 64 - 42. Suppose 0 = -2*w - 3 - 21. Let h = r + w. What are the prime factors of h?
2, 5
List the prime factors of (6 + -122)*((-3)/(-4))/(-3).
29
Let b be 3/6 + (-42)/4. What are the prime factors of (-92)/(-9) + b/45?
2, 5
Let o = 67 + -12. Suppose -4*b = 5*s - 108 - 67, b - o = s. List the prime factors of b.
2, 5
Let c = 3 + -2. Suppose c = p - 3. What are the prime factors of p?
2
Let c be (-58)/18 + 6/27. List the prime factors of 2/(-3) + (-71)/c.
23
Let w = 21 + -19. Suppose w*o - 43 = 15. What are the prime factors of o?
29
Let h(v) = -v**2 + v. Let s(x) = -5*x**3. Let t be s(-1). Let d be h(t). List the prime factors of (-3)/2*d/6.
5
Let x be (-1)/4 + 69/(-12). What are the prime factors of 126/15 + x/(-10)?
3
Let y(x) = 7*x - 2. Let z be (0 - -5) + -4 + 1. List the prime factors of y(z).
2, 3
Let q be (-8)/2 + (0 - 0). Let r = q - -5. What are the prime factors of 0/r + 6 + 0?
2, 3
Suppose -4*y - 131 + 1179 = 0. List the prime factors of y.
2, 131
Let n be ((-8)/(-6))/(4/9). Suppose m - 18 = -n*a, 5*a - 2*a + 42 = m. What are the prime factors of m?
2, 3, 5
Let l(h) be the second derivative of -h**4/12 - 4*h**3/3 + 4*h**2 - 10*h. Let k be 1 + (-4)/((-8)/(-18)). What are the prime factors of l(k)?
2
Let j = 7 - -39. What are the prime factors of j?
2, 23
Let k = -5 + 108. List the prime factors of k.
103
Let g(q) = 3*q**2 + 3*q + 4. List the prime factors of g(-3).
2, 11
Suppose -3*p + 2 + 4 = 0. Suppose p*f + 0*f = 10. Suppose -f*y = 3*q - 52, 3*y + 5*q = 4*q + 32. What are the prime factors of y?
11
Suppose -77 = -4*c + u, 0 = c + c - 2*u - 40. List the prime factors of c.
19
Let h(t) = -t**3 - 8*t**2 + 14*t - 1. What are the prime factors of h(-10)?
59
Let n be (366/6)/((-1)/(-2)). Suppose 17 - n = -5*r. What are the prime factors of r?
3, 7
Let k(i) = i**3 + 4*i**2 - 3*i - 9. Let a be k(-4). Suppose l + 2 = -p + 6*l, -4*p = a*l - 107. What are the prime factors of p?
23
What are the prime factors of (-4)/(-6)*(-333)/(-6)?
37
Suppose -3*v = 3*z - 4*z + 29, 0 = 3*z + 5*v - 45. List the prime factors of z.
2, 5
Let o = 10 - 10. Suppose o*v + 21 = 3*v. List the prime factors of v.
7
Let j be 2 - (-3)/6*2. Suppose -j + 5 = n. Suppose 3*h + n*h - 25 = 0, s - 29 = -5*h. List the prime factors of s.
2
Let s(m) = -6*m + 1. Let j(l) = 6*l - 2. Let x(o) = 2*j(o) + 3*s(o). Let y be x(-1). Suppose -2*z = -9 - y. What are the prime factors of z?
7
Let u be 6/(-21) + (-150)/(-35). List the prime factors of -3 + 3 - (-72)/u.
2, 3
Suppose -699 = -5*i + q, -i - 3*q + q = -131. List the prime factors of i.
139
Let z = 9 + -13. Let b be 21/2 - 3/6. Let y = z + b. What are the prime factors of y?
2, 3
Suppose 6 - 1 = b. Let k be 1 - 5/(b/(-3)). Suppose 12 = -3*x, 0*u - k*u + 2*x = -52. What are the prime factors of u?
11
Suppose 0 = 5*o - 201 - 134. What are the prime factors of o?
67
Let l(b) = b**3 - 11*b**2 + 8. List the prime factors of l(11).
2
Let k = 0 - -89. What are the prime factors of k?
89
Suppose 6*g - 3*g + 4*r = 28, -5*r + 29 = 3*g. Let u = g + 31. List the prime factors of u.
3, 13
Let y(w) = -5*w**2 + 2*w + 3. Let x(j) = j**2 - j - 1. Let b(s) = 4*x(s) + y(s). Let f be b(-1). What are the prime factors of 0 + (f - 2 - -5)?
3
Let c(w) = 2*w**2 - 11*w - 5. Let i be (-175)/(-20) + (-6)/8. List the prime factors of c(i).
5, 7
Let g be (-10)/45 + 1084/18. Let o = g - 32. List the prime factors of o.
2, 7
Let r(i) be the third derivative of -1/8*i**4 + 0*i + 0 + 1/6*i**3 + 2*i**2. List the prime factors of r(-2).
7
Suppose -d - 5*o - 3 = -9, 0 = 2*d + 3*o + 2. Let n be d/22 - 72/(-33). Suppose -n*q + 27 = -z, q - 14 = 4*z + 17. What are the prime factors of q?
11
Let z(q) be the second derivative of q**4/4 - q**3/6 - q**2 - 4*q. What are the prime factors of z(2)?
2
Let r(l) = -l**3 + 3*l**2 - 3*l - 7. Let v(g) = -3*g**3 + 6*g**2 - 6*g - 15. Let f(k) = -7*r(k) + 3*v(k). What are the prime factors of f(-3)?
2, 11
Suppose -5*n - 26 = 9. Let k = n - -26. List the prime factors of k.
19
Suppose 2*f + 18 - 80 = 0. List the prime factors of f.
31
Let l(a) = -2*a**3 - 2*a**2 + a - 3. List the prime factors of l(-3).
2, 3, 5
Suppose 3*d - 6*d = -453. What are the prime factors of d?
151
Suppose -6*x + 4*x = 0. Suppose x = 3*c + 4*g - 2, 0*g = -2*c + g + 5. List the prime factors of c.
2
Let w(s) = -4*s**2 - 6*s - 6. Let a(r) = 11*r**2 + 19*r + 18. Let k(c) = -3*a(c) - 8*w(c). List the prime factors of k(-7).
2
List the prime factors of (-3)/(((-6)/(-16))/(39/(-2))).
2, 3, 13
Let d = 404 + -255. What are the prime factors of d?
149
List the prime factors of 5 + -1 + (17 - -3).
2, 3
Suppose -l = 15 - 59. List the prime factors of l.
2, 11
Let g = -4 + 3. Let c be 9/4 - (-2)/(-8). What are the prime factors of c*g/4*-4?
2
Suppose -3 = -2*f + 3. Suppose -c = f*c. Suppose 5*l - 104 = 4*y - 39, 5*l + 3*y - 30 = c. What are the prime factors of l?
3
Suppose -j = -4*i - 0*j + 112, -4*i - 2*j + 100 = 0. List the prime factors of i.
3
Suppose -2*r - 2*r + 16 = 0, -5*x = 4*r - 66. Suppose 0 = -5*d - 3*o + 28, 5*o - x = -d - 0*o. List the prime factors of d.
5
Let m = 11 - 12. Let u = 4 - m. What are the prime factors of u?
5
List the prime factors of (-1 - -2) + (45 - -2).
2, 3
Let s = 20 - 0. Let w = s - 12. Suppose 2*b = b + w. List the prime factors of b.
2
Suppose 7*i - 60 = 2*i. Let n(c) = -c**2 + 13*c + 5. What are the prime factors of n(i)?
17
Let x be 3*1 - (-6 + 4). Suppose -13 = -x*f + 4*u, -2*u - 5 = 2*f - 21. What are the prime factors of f?
5
Suppose 4*w + 2*g = 98, 3*w = g + g + 63. Let p = 1 + w. List the prime factors of p.
2, 3
Let o(b) = -25*b + 1. Let t be o(-3). Suppose -2*u + 4*m + 52 = 0, 3*u - 6*m = -m + t. List the prime factors of u.
2, 11
Suppose -3*n - 8 = -0*g - g, -20 = 5*g. Let u be 1 - -1 - 64/n. Suppose -2*j + 0*j + u = 0. List the prime factors of j.
3
Let t(u) = -u**3 + 7*u**2 - u + 9. Let r be t(7). Suppose -2*h + 10 = r. Suppose 0*l = h*o - 2*l - 18, 3 = -o + 2*l. What are the prime factors of o?
7
Let w(m) = m**3 - 6*m**2 + 2*m - 7. Let d be w(6). Suppose 3*t + 55 = d*s, -2*t + 66 = 2*s + 2*s. List the prime factors of s.
2, 7
Let a(p) = -2*p. Let r be a(-2). Suppose -s - 6 = -r*l - 1, 2*l - 13 = -3*s. Suppose 0 = -l*j - 13 + 47. What are the prime factors of j?
17
Let f = -27 - -52. What are the prime factors of f?
5
Suppose 5*k = -5, 5*j - 47 = -4*k + 119. What are the prime factors of j?
2, 17
List the prime factors of 6 - 5 - 49/(-1).
2, 5
Let k = 1 + -1. Let h(y) be the third derivative of -y**4/24 + y**3 + 3*y**2. List the prime factors of h(k).
2, 3
Let c(k) = -3*k - 6. Suppose -2*b + 0*b = 14. List the prime factors of c(b).
3, 5
Let c(r) = -r - 5. Let f be c(0). Let q = f + 8. Suppose -w - 5*k - q = -2*w, 5*k = -5*w + 75. List the prime factors of w.
13
Suppose -2*v - 4 = -30. What are the prime factors of v?
13
Let q be (-50)/(-8) - 11/44. What are the prime factors of (-228)/(-9) - 2/q?
5
Let i(g) = g**2 - 5*g - 1. List the prime factors of i(-4).
5, 7
Let n be 1/(-3) - 88/(-12). Suppose -t + 2*q + n = 0, -6*q + q = 5*t - 20. Suppose -5*h + t*y + 16 = y, -h - 2*y + 6 = 0. What are the prime factors of h?
2
Suppose 2*o - 227 = -5*g, 0 = g + g - 4*o - 86. List the prime factors 